 of 540?
True
Is 49832 a multiple of 8?
True
Does 83 divide 830?
True
Is 3510 a multiple of 26?
True
Is 2 a factor of 445?
False
Is 435 a multiple of 29?
True
Does 72 divide 24973?
False
Does 3 divide 2530?
False
Is 2232 a multiple of 6?
True
Does 32 divide 163432?
False
Is 3168 a multiple of 44?
True
Does 17 divide 4165?
True
Is 225 a multiple of 15?
True
Is 13 a factor of 91?
True
Does 9 divide 4278?
False
Does 92 divide 10625?
False
Does 11 divide 51988?
False
Does 180 divide 7740?
True
Is 16150 a multiple of 215?
False
Is 4504 a multiple of 12?
False
Is 427 a multiple of 5?
False
Does 58 divide 9102?
False
Is 17514 a multiple of 63?
True
Is 26 a factor of 52364?
True
Is 4 a factor of 786?
False
Does 57 divide 35557?
False
Does 105 divide 3836?
False
Does 7 divide 749?
True
Is 9 a factor of 30?
False
Is 114 a factor of 30438?
True
Does 107 divide 5885?
True
Does 11 divide 43500?
False
Is 10 a factor of 682?
False
Does 39 divide 671?
False
Is 29 a factor of 6378?
False
Is 11712 a multiple of 124?
False
Does 16 divide 96?
True
Is 31 a factor of 31?
True
Is 46438 a multiple of 217?
True
Does 117 divide 8658?
True
Does 28 divide 4116?
True
Is 26 a factor of 1714?
False
Does 11 divide 13640?
True
Is 51 a factor of 6069?
True
Does 59 divide 3693?
False
Does 8 divide 41?
False
Is 12 a factor of 3326?
False
Is 72 a factor of 11001?
False
Does 156 divide 64442?
False
Does 21 divide 8181?
False
Is 32277 a multiple of 49?
False
Does 5 divide 2265?
True
Does 16 divide 2960?
True
Is 106 even?
True
Is 7 a factor of 8177?
False
Is 26706 a multiple of 88?
False
Does 10 divide 8420?
True
Is 2 a factor of 488?
True
Is 18319 a multiple of 64?
False
Is 66783 a multiple of 35?
False
Is 88 a factor of 1315?
False
Does 101 divide 1818?
True
Is 34 a factor of 26248?
True
Does 10 divide 57?
False
Does 52 divide 2929?
False
Is 24552 a multiple of 62?
True
Does 48 divide 4999?
False
Is 8 a factor of 69?
False
Is 14942 a multiple of 62?
True
Does 4 divide 4558?
False
Does 39 divide 2301?
True
Is 24 a factor of 21096?
True
Is 270 a multiple of 16?
False
Does 22 divide 940?
False
Is 4183 a multiple of 47?
True
Does 10 divide 56380?
True
Does 48 divide 51888?
True
Does 55 divide 2868?
False
Is 657 a multiple of 76?
False
Is 10648 a multiple of 22?
True
Does 38 divide 342?
True
Is 6 a factor of 228?
True
Is 424 a multiple of 74?
False
Is 5610 a multiple of 85?
True
Is 5 a factor of 156?
False
Does 148 divide 18526?
False
Is 109629 a multiple of 90?
False
Does 217 divide 16567?
False
Does 81 divide 12555?
True
Is 8258 a multiple of 138?
False
Is 22 a factor of 3872?
True
Is 118 a factor of 1106?
False
Does 27 divide 4455?
True
Is 325 a factor of 14847?
False
Is 2 a factor of 155?
False
Is 22 a factor of 330?
True
Is 79 a factor of 10694?
False
Is 14496 a multiple of 70?
False
Is 66 a factor of 1838?
False
Is 5697 a multiple of 19?
False
Is 1487 a multiple of 11?
False
Does 52 divide 14144?
True
Is 4 a factor of 28?
True
Is 3196 a multiple of 4?
True
Is 29 a factor of 528?
False
Is 7781 a multiple of 31?
True
Does 17 divide 1076?
False
Is 1245 a multiple of 15?
True
Does 6 divide 1133?
False
Does 3 divide 159?
True
Does 18 divide 306?
True
Does 5 divide 535?
True
Does 194 divide 10282?
True
Does 52 divide 10319?
False
Does 13 divide 325?
True
Is 90 a factor of 41421?
False
Is 51843 a multiple of 31?
False
Is 55 a factor of 7877?
False
Is 59730 a multiple of 66?
True
Is 11324 a multiple of 38?
True
Does 6 divide 228?
True
Does 10 divide 16440?
True
Does 11 divide 10020?
False
Is 29200 a multiple of 80?
True
Is 16 a factor of 6608?
True
Does 23 divide 115?
True
Is 22 a factor of 74888?
True
Does 26 divide 806?
True
Is 155 a multiple of 5?
True
Is 3 a factor of 1121?
False
Does 11 divide 3201?
True
Is 2280 a multiple of 15?
True
Is 6 a factor of 13866?
True
Is 30336 a multiple of 192?
True
Is 25524 a multiple of 14?
False
Is 22 a factor of 4180?
True
Does 5 divide 578?
False
Is 109 a factor of 24992?
False
Is 13 a factor of 2906?
False
Is 77 a multiple of 2?
False
Does 5 divide 4898?
False
Is 558 a multiple of 17?
False
Is 7 a factor of 1303?
False
Does 32 divide 5383?
False
Does 24 divide 4966?
False
Is 9 a factor of 1413?
True
Is 63 a factor of 14709?
False
Is 9 a factor of 1746?
True
Does 13 divide 764?
False
Does 90 divide 8640?
True
Is 5212 a multiple of 9?
False
Does 14 divide 894?
False
Does 35 divide 14136?
False
Is 52 a factor of 5200?
True
Is 616 a multiple of 8?
True
Is 22 a factor of 3869?
False
Is 2436 a multiple of 84?
True
Is 5080 a multiple of 40?
True
Is 8042 a multiple of 108?
False
Is 8841 a multiple of 21?
True
Does 7 divide 1260?
True
Does 7 divide 35?
True
Does 9 divide 41418?
True
Is 15183 a multiple of 18?
False
Is 4 a factor of 4444?
True
Does 35 divide 4665?
False
Is 272 a factor of 40800?
True
Does 48 divide 4272?
True
Does 20 divide 640?
True
Is 480 a multiple of 30?
True
Is 2755 a multiple of 95?
True
Does 74 divide 686?
False
Is 89 a factor of 7209?
True
Does 97 divide 30749?
True
Is 534 a multiple of 7?
False
Is 15 a factor of 780?
True
Is 32 a factor of 28546?
False
Does 8 divide 702?
False
Does 12 divide 1227?
False
Is 11 a factor of 623?
False
Is 1112 a multiple of 8?
True
Is 4446 a multiple of 57?
True
Is 36 a factor of 2419?
False
Is 7 a factor of 35?
True
Does 6 divide 15021?
False
Is 26714 a multiple of 74?
True
Does 13 divide 804?
False
Does 16 divide 1200?
True
Is 2766 a multiple of 125?
False
Does 39 divide 981?
False
Does 14 divide 16912?
True
Is 4 a factor of 608?
True
Is 23 a factor of 6762?
True
Is 1615 a multiple of 17?
True
Is 6 a factor of 318?
True
Is 40 a factor of 11160?
True
Is 44744 a multiple of 8?
True
Is 15 a factor of 934?
False
Is 3791 a multiple of 5?
False
Is 1764 a multiple of 36?
True
Is 9 a factor of 2502?
True
Is 48 a factor of 30864?
True
Is 72 a factor of 5734?
False
Is 1098 a multiple of 100?
False
Is 5761 a multiple of 43?
False
Is 105300 a multiple of 150?
True
Does 6 divide 432?
True
Is 135 a factor of 9045?
True
Does 32 divide 75036?
False
Does 53 divide 54762?
False
Is 1680 a multiple of 120?
True
Is 1134 a multiple of 51?
False
Is 1908 a multiple of 12?
True
Is 29 a factor of 10643?
True
Is 48 a factor of 1556?
False
Is 207 a factor of 11784?
False
Is 20162 a multiple of 200?
False
Does 5 divide 36770?
True
Does 11 divide 1078?
True
Is 16 a factor of 44784?
True
Is 7477 a multiple of 116?
False
Does 131 divide 41134?
True
Is 17 a factor of 102?
True
Is 15663 a multiple of 54?
False
Does 13 divide 2668?
False
Is 144 a multiple of 12?
True
Is 12 a factor of 2325?
False
Is 22 a factor of 396?
True
Is 4982 a multiple of 53?
True
Is 19 a factor of 7714?
True
Is 1782 a multiple of 54?
True
Is 15996 a multiple of 172?
True
Does 13 divide 312?
True
Is 7 a factor of 17984?
False
Is 14 a factor of 1573?
False
Does 39 divide 10803?
True
Is 17 a factor of 62307?
False
Is 7 a factor of 2555?
True
Is 16 a factor of 3842?
False
Is 43 a factor of 16039?
True
Does 16 divide 208?
True
Does 13 divide 2606?
False
Is 2631 a multiple of 75?
False
Is 83 a factor of 527?
False
Is 5 a factor of 7475?
True
Is 9 a factor of 13698?
True
Does 56 divide 1288?
True
Is 106 a multiple of 7?
False
Is 35 a factor of 1925?
True
Is 79 a factor of 158?
True
Is 92 a multiple of 25?
False
Does 158 divide 46768?
True
Is 193 a factor of 28371?
True
Is 451 a multiple of 19?
False
Does 30 divide 42570?
True
Is 5 a factor of 879?
False
Is 130 a multiple of 13?
True
Is 17 a factor of 4018?
False
Does 14 divide 139?
False
Is 12 a factor of 86568?
True
Is 689 a multiple of 12?
False
Is 75 a factor of 2132?
False
Is 11901 a multiple of 7?
False
Is 58 a factor of 696?
True
Is 113 a multiple of 3?
False
Is 13 a factor of 364?
True
Is 925 a multiple of 22?
False
Does 3 divide 1226?
False
Is 43 a multiple of 5?
False
Is 516 a multiple of 4?
True
Is 23 a factor of 6792?
False
Does 3 divide 7687?
False
Does 16 divide 2260?
False
Is 7 a factor of 1239?
True
Is 42 a factor of 294?
True
Is 553 a multiple of 3?
False
Is 29967 a multiple of 51?
False
Is 19 a factor of 10034?
False
Is 33 a multiple of 2?
False
Is 1451 a multiple of 36?
False
Is 63 a factor of 15782?
False
Is 8080 a multiple of 5?
True
Is 44 a factor of 2686?
False
Is 8 a factor of 36?
False
Is